d by u?
47
Suppose m = 4*y + 133, -5*m + 4*y + 191 = -554. Let i = -143 + m. What is the remainder when 44 is divided by i?
4
Suppose 5*y - v - 159 - 100 = 0, -y + 2*v = -59. Suppose 0 = 4548*z + 1008*z - 844512. What is the remainder when z is divided by y?
50
Suppose -167*z + 163*z = -280. Suppose v - z = -2*l, -3*v - 3*l = -198 - 0. Calculate the remainder when v is divided by ((-22)/8 + 1)*-12.
20
Let c be ((-8)/28)/1 - (-23)/7. What is the remainder when 73 is divided by ((-22)/55)/(c/(-120))?
9
Suppose -5 = 2*v - 81. What is the remainder when v is divided by (480/176)/(298/(-44) + 7)?
2
Let v(s) = -2*s**3 + 18*s**2 - 6*s + 124. Calculate the remainder when 169 is divided by v(9).
29
Suppose -733*h + 582 = -728*h - 2*v, 4*h - 460 = -4*v. What is the remainder when 511 is divided by h?
47
Let k = -15740 + 20544. What is the remainder when k is divided by 74?
68
What is the remainder when 2827 is divided by 17 + (-42 - -24) - -11?
7
Let b = 1325 - 1318. Calculate the remainder when 132 is divided by b.
6
Let q = -12428 - -12465. Calculate the remainder when 118 is divided by q.
7
What is the remainder when 351 is divided by 9/6*(-1904)/(-168)?
11
Let r = 252 - 137. Suppose 2*m = -3*m + r. Let s = -197856 - -197870. What is the remainder when m is divided by s?
9
Let y be ((-2)/(4/(-6)))/((-16)/(-784)). Let i = 64 - y. Let r = 93 + i. Calculate the remainder when 26 is divided by r.
6
Let z(u) = 24*u + 16*u + 1950 - 1971. Calculate the remainder when z(3) is divided by 28.
15
Let t(w) = -1402*w + 7068. Calculate the remainder when 786 is divided by t(5).
32
Let b(d) = -d**3 - d + 5. Let g be b(-3). Let a = 16 + -13. What is the remainder when ((-10)/g)/((-4)/7)*6 is divided by a?
0
Let c(d) = d**3 + 2*d**2 - 5*d + 54. What is the remainder when 473 is divided by c(0)?
41
Let y(u) = 15*u - 26. Let b be y(5). Suppose z = -37 + b. Let o(a) = a**2 - 9*a + 7. Calculate the remainder when o(z) is divided by 9.
7
Let w = 8 + -11. Let q be (-3)/((-2 - 2) + (-106)/(-28)). Let d = q - w. What is the remainder when 67 is divided by d?
16
Let u = -72 + 72. Suppose -4*n + 20 = -u*n. Suppose -2*d + 5*r + 332 = 6*r, 0 = -2*d + n*r + 344. What is the remainder when d is divided by 28?
27
Suppose -503 = -16*f + 441. Suppose b + f = 64. Calculate the remainder when b is divided by 5.
0
Suppose l - 5*l = -l. Suppose -4*k + c + 256 = l, 0 = -2*k + 3*c - 7*c + 110. What is the remainder when 177 is divided by k?
51
Suppose -37*y + 1315 + 535 = 0. Suppose -6*g = y - 524. What is the remainder when g is divided by 19?
3
Let b = -445 - -461. Calculate the remainder when 182 is divided by b/((-96)/9)*92/(-6).
21
Let h(f) = f**3 + 16*f**2 - 17*f + 25. Let l be h(-14). Suppose l = -13*z + 2111. Calculate the remainder when z is divided by 58.
54
Suppose 3*u + 0*v - 5*v - 1 = 0, 3*u - 4 = 2*v. Suppose -4*i + 118 = -5*o, -2*i - u*o - o = -48. What is the remainder when 105 is divided by i?
24
Let x(a) = 5*a**3 - 2*a**2 - 3. Let q = -101 + 103. What is the remainder when x(q) is divided by 16?
13
Let h(p) = 49*p**2 + 2*p + 2. Let g be (-690)/20*4/(-6)*2. Suppose -9*b - g = -163. What is the remainder when h(-1) is divided by b?
10
Suppose -s - 10 = -5*f, s - 6*s = -f - 94. Calculate the remainder when 6318 is divided by s.
18
Suppose -49*b - 330 = -82*b. Let g(h) = -4*h. What is the remainder when b is divided by g(-1)?
2
Let i(o) be the third derivative of o**5/20 + 7*o**4/24 + 4*o**3/3 - 18*o**2. Let x = -74 - -72. Calculate the remainder when 17 is divided by i(x).
5
Suppose v + 269 - 1643 = -5*v. What is the remainder when v is divided by 297/18*(2 - 0)?
31
What is the remainder when -4 - (-186)/45 - 252068/(-615) is divided by 39?
20
Let o(w) = 24*w**2 - 1. Let r(b) = b**2 + 33*b - 2750. What is the remainder when r(39) is divided by o(-1)?
12
Suppose 5*i - b = -4250, 0 = 66*i - 63*i - 2*b + 2550. Let c = -551 - i. What is the remainder when c is divided by 7?
5
Let y be (-50)/11 + 18/33. What is the remainder when 149 - (y/(-3) + (-96)/18) is divided by 22?
21
Let x = 241 - 118. Calculate the remainder when x is divided by (-14)/4*3*(-64)/21.
27
Suppose 5*x + 59366 = 59791. Calculate the remainder when x is divided by 19.
9
Let b(r) = r + 85. Let y be b(-23). Let u = 82 - y. What is the remainder when 139 is divided by u?
19
Suppose -4*r = -5*q + 499, -4*q + 165 + 267 = 5*r. What is the remainder when q is divided by 26?
25
Let j = 114 - 119. Let q(g) = -g**2 - 2*g + 20. What is the remainder when ((-9)/(-6))/((-3)/(-16)) is divided by q(j)?
3
Let d = -29 + 78. Suppose 0 = -13*y + 147 - 30. Let b(j) = -j + 12. What is the remainder when d is divided by b(y)?
1
Suppose 5*j = 3*b + 976, 6*j - 1306*b = -1304*b + 1184. What is the remainder when 400 is divided by j?
0
Let l = 13 - -8. Suppose 3*u + 1 = -4*j + 9, -5*u = -j - l. Suppose -u*k + 18 = -2*i + 4*i, 2*i = -5*k + 18. Calculate the remainder when 79 is divided by i.
7
Suppose -11*z - m = -10*z - 39, -12 = -2*m. What is the remainder when 323 is divided by z?
26
Let t be 22/99 - (-292)/(-18). Let l(g) = -g**3 - 15*g**2 + 16*g + 15. Suppose 2*i - 18 = -0. What is the remainder when l(t) is divided by i?
6
Let u = 235 + 88. Let s = u + -314. What is the remainder when 35 is divided by s?
8
Suppose -5 = -3*b - 41. Let o be 2*69 + (-11 - b). Suppose 0 = 3*d - 2 - o. Calculate the remainder when 233 is divided by d.
45
Let r(p) = 350*p - 7 - 706*p + 358*p. Let v be (-3 - 21/(-9))*-30. What is the remainder when r(v) is divided by 7?
5
Let g = 345 - 244. Let n(q) = -67*q**2 + 1. Let r be n(-1). Let u = g + r. Calculate the remainder when u is divided by 13.
9
Suppose m - 11*g - 249 = -9*g, -2*g = 5*m - 1257. Calculate the remainder when m is divided by 85.
81
Let j = 1158 + -646. What is the remainder when j is divided by 174?
164
Let m = 39885 - 38691. Calculate the remainder when m is divided by 30.
24
Let b(l) = -430*l + 885. Calculate the remainder when 2466 is divided by b(2).
16
Suppose u = 2*u - 4*g - 192, 5*u = -5*g + 960. Suppose 3*c = -21*z + 1257, 2*c - 32 = 3*z - 248. Calculate the remainder when u is divided by z.
6
Let c(q) = 76*q + 44. Let k = 90 + -86. What is the remainder when c(k) is divided by 70?
68
Suppose 0 = -d + 7*z - 12*z + 43, 5*z + 9 = 3*d. Suppose n = 4*n + 66. Let h = n + 86. Calculate the remainder when h is divided by d.
12
Let n = -14 + 23. Let t(d) = -d**3 + n*d**2 + 16 - d + 8 - 2. What is the remainder when 50 is divided by t(9)?
11
Let j(o) = -187 - 102 + 86 - 92 - 49*o**2 + 38*o - o**3. What is the remainder when j(-50) is divided by 78?
71
Let m(l) be the first derivative of l**3 + 5*l**2/2 - 31*l + 93. Calculate the remainder when 73 is divided by m(4).
36
Calculate the remainder when 3898*((-9)/(-21))/((-120)/(-140)) is divided by 63.
59
Suppose -426 = 4*l - 7*l. Let m(c) = c**2 + 10*c - 17. Let n be m(-11). Calculate the remainder when l is divided by (-224)/n + -3 - 10/(-6).
34
Let g = 28313 - 28156. Calculate the remainder when 1419 is divided by g.
6
Suppose 194*w + 241 = 923 + 2034. What is the remainder when 3856 is divided by w?
6
Let i(h) = h**2 - 19*h + 13. Let t be i(-26). Suppose -t = -4*d - 139. What is the remainder when -2 + d/2 - (-19)/38 is divided by 27?
21
Let l = -284 + 452. Let m = 171 - l. Let h(v) = v**2 - 2*v + 1. Calculate the remainder when h(5) is divided by m.
1
Let h(m) = -13*m - 153. Calculate the remainder when 634 is divided by h(-22).
102
Suppose -3*x - x = -2*l + 18, 4*l = -4*x + 36. Suppose 2*j = -3*o + 24, 3*o = -0*o + 4*j + 6. Calculate the remainder when l is divided by o.
3
Let p(u) = -116*u - 20. Calculate the remainder when p(-4) is divided by (1*-1)/((-54)/1728).
28
Let l = -3940 - -4172. What is the remainder when l is divided by 32?
8
What is the remainder when (0 + -1)*(-2650)/10 is divided by 18?
13
Let f(z) = -3*z**3 - 7*z**2 - 3*z + 37. Let v(s) = s**3 + s**2 + s - 2. Let l(r) = -f(r) - 5*v(r). Calculate the remainder when l(-4) is divided by 37.
30
Suppose 11176 = 219*z - 18417 - 29975. Calculate the remainder when z is divided by 24.
8
Suppose d + 185 = 3*d + 5*p, -255 = -3*d - 3*p. Suppose -2*h = 2*q - 114, 4*q + d = h + 23. What is the remainder when 280 is divided by h?
52
Suppose 5*j + 110 = 3*m, 12*j = -2*m + 9*j + 67. 